 + w - 34 = -9*q. Give u(q).
6
Let k(f) = -3*f + 20. Suppose 4*c = 4*u - 18 - 6, 3*u - 36 = -3*c. Give k(u).
-7
Let v(k) be the first derivative of k**3/3 - 7*k**2 + 55*k + 2778. Calculate v(9).
10
Let a(g) = g**3 + 14*g**2 + 38*g + 55. Let t be (-15)/6*286/65. Let x be a(t). Let d(w) = -2 - 3*w**2 + w**3 + 0*w - w + 4*w**2. Give d(x).
-2
Let z(y) = -y**3 - 4*y**2 + 5*y + 7. Let k be 8/(-84) + (-8)/(-84). Suppose -2*a - 8 = k, x = 3*x - a + 6. Calculate z(x).
7
Let z(d) = -3*d**2 + 10861*d + 10847*d + 4*d**3 - 21712*d + 0*d**3 + 10. What is z(2)?
22
Let v(j) = j + 1. Let p(l) = 2*l**3 - l**2 - 2*l + 8. Let y be p(4). Suppose y = 11*i - 4*i. Suppose 0 = -12*k + 8*k - i. Calculate v(k).
-3
Suppose 2*v + 3*i - 3 = 0, -5*i = 3*v - 10*i - 33. Let u = -542 - -544. Suppose -4*y = f + v, -5*f = -u*y - 20 + 6. Let n(d) = -d**2 + d. Give n(f).
-2
Let n(w) be the second derivative of -w**3 + 16*w**2 + 2010*w. Calculate n(7).
-10
Let a = -223573 - -223580. Let m(t) be the third derivative of t**6/120 - 7*t**5/60 - t**4/3 + t**3/2 - t**2. Determine m(a).
-53
Let i = -87 - -138. Let g(w) be the first derivative of i - 3*w**4 + w + 6 - 11. What is g(-1)?
13
Suppose 96 = 5*j - 8*j. Let h be (-108)/(-30) + -4 + j/(-5). Let n(c) = -10 + 2*c**2 - 2*c - 3*c**2 + 9 + 7*c. What is n(h)?
-7
Let q be (-9)/((-35)/(-10) - 5). Suppose -3*x + 15 = -q. Let c(p) = 5 - 7*p**2 + 11*p + p**3 - 9*p - 3*p. What is c(x)?
-2
Let f(z) = z**3 + 24*z**2 + 45*z + 31. Let g be f(-22). Suppose -g*h + 33 = 15. Let l(k) = -9*k + 3. Give l(h).
-15
Suppose 0 = 4*f - 3*h - 33, 3*f + f - 4*h = 28. Let j be 6*(-22)/28 - f/42. Let a(n) be the first derivative of n**3/3 + 3*n**2/2 + 2*n - 2. Calculate a(j).
12
Let o be 24/(-18)*((-27)/12 - 0). Let s(l) = -330*l - o + 0 + 329*l. Suppose -26*g + 24*g - 1 = -c, 5*g + 3*c + 19 = 0. Give s(g).
-1
Let o(f) be the third derivative of f**7/840 + f**6/180 + f**5/40 - 41*f**4/6 - 37*f**2. Let w(a) be the second derivative of o(a). Calculate w(-2).
7
Let k(w) = -20*w + 18*w + 18*w - 20 + 11*w - 20*w**2 + 22*w**2. Give k(-15).
25
Let q = -16 + 13. Let w(u) = -19 - u**2 + 21 - u + 0*u**2 + 3*u**2 + 6*u. Give w(q).
5
Let g(b) = -17*b + 90. Let u be g(0). Let f = u - 84. Let a(z) = z + 2. Calculate a(f).
8
Let q(i) = i**2 - 23*i + 18. Let m be q(22). Let a(b) = -b**3 - 10*b**2 - 6*b. Let g(r) = -r**2 - r + 1. Let t(k) = m*g(k) + a(k). Give t(-6).
8
Let c(l) = -2*l + 10 - 3*l + 3*l. Suppose -12900*x + 6 = 3*i - 12901*x, i - 23 = -2*x. What is c(i)?
0
Let l(h) be the second derivative of -h**3/6 - h**2/2 - 9*h. Let p be (-92)/184*3*2. Calculate l(p).
2
Let w be (392/21 - 4)/((-6)/(-7173)). Let p(v) = 17535*v**2 + 25*v - 10*v - w*v**2 - 4. Calculate p(-15).
-4
Suppose -24*d + 10257 = 15*d. Let j = d + -266. Let w(n) = n**3 + 2*n**2 - 2*n - 3. Give w(j).
-6
Suppose 17*d - 9 = 110. Suppose -t + 0*t = d. Let q(f) be the second derivative of -f**4/12 - 4*f**3/3 + 5*f**2 - 4*f. What is q(t)?
17
Let k(v) = 6*v + 2. Let y(c) = 614*c - 607*c + 22 - 94. Let i be y(9). Let n be ((-50)/(-225))/((-1)/i). Calculate k(n).
14
Suppose 5*o + k - 106 = 170, -o + 2*k + 64 = 0. Let r be (5 + 3)*4*(-7)/o. Let t(c) = -c**3 - 3*c**2 - 6*c - 6. Calculate t(r).
34
Let j(l) = l**3 + 13*l**2 - 27*l + 30. Suppose 12*a + 1427 = 1247. Determine j(a).
-15
Let t(z) = -3*z - 23. Suppose 528*r - 571*r = 0. What is t(r)?
-23
Let d(f) be the second derivative of f**5/20 + f**4/12 - f**3/6 + 2*f**2 + 2*f. Let j be d(0). Let z(v) = -32*v**2 + 6 + 33*v**2 - 2*v - j*v. Calculate z(5).
1
Let g(u) = -u + 1. Suppose -5*q - 2*r + 4*r + 2 = 0, -r + 4 = 0. Suppose -2*p + 3 = 3*v + p, -q*p = -5*v - 16. Let d be (v - (0 + -4)) + 1 - 4. Calculate g(d).
2
Let l(k) = 4*k - 44. Let i(y) = -y**3 - 5*y**2 + 28*y + 108. Let x be i(-7). Determine l(x).
-4
Let b(p) be the first derivative of -4*p + 1/2*p**2 + 1/3*p**3 - 29. What is b(4)?
16
Let p be (-12)/(-16) + 25/4. Let z = 47 - 6. Let w(y) = -39*y + 0 + z*y - p. Calculate w(7).
7
Suppose -80 + 20 = -10*f. Let h(v) be the first derivative of -v**4/4 + 4*v**3/3 + 11*v**2/2 + 5*v + 81. Determine h(f).
-1
Let w = 1376 - 1393. Let b(o) = o**2 + 13*o - 31. Give b(w).
37
Let v(x) be the first derivative of -x**5/20 - 7*x**4/12 + x**3 - 11*x**2/2 + 291*x - 47. Let k(t) be the first derivative of v(t). Determine k(-8).
5
Let s(q) = 14*q**3 + 112*q**2 + 40*q - 85. Let v(g) = -g**3 - 8*g**2 - 3*g + 6. Let x(j) = 2*s(j) + 29*v(j). Calculate x(-7).
4
Let l(d) = -8*d**3 - 87*d**2 + 7*d - 8. Let x(p) = -9*p**3 - 139*p**2 + 8*p - 9. Let t(v) = -3*l(v) + 2*x(v). Give t(3).
0
Let a(x) = -5*x**2 + 10. Let k = -7276 + 7273. Determine a(k).
-35
Let i(n) = -n**3 - 2*n**2 + 3*n - 4. Let v = -3 - 0. Let k be (24/(-16))/(v/(-16)). Let y be (-2)/4 - (-20)/k. Determine i(y).
-4
Let m(j) = -48 - 46 - 8*j + 154 - 34. Give m(7).
-30
Let t(d) = -10*d + 68. Let c(p) be the first derivative of 7*p**2/2 - 46*p + 24. Let j(s) = 7*c(s) + 5*t(s). Calculate j(9).
9
Let r be (52/(-104))/((-2)/(-4)). Let b(x) = 59*x**3 - 3*x**2 - x + 1. Calculate b(r).
-60
Let s(k) = k**2 + k - 29. Let q be s(6). Let c(f) = -2*f + 6. Give c(q).
-20
Suppose 4*f = -4*o - 3276, -3*f + 3 = -0. Let x be o/180 - (-8)/(-18)*1. Let p(w) = 3*w + 3. Give p(x).
-12
Let p(a) = -a**3 - 5*a**2 - 7*a - 6. Let j = -154 - -154. Let o be (j/(15/(-5)))/(-2) - 4. Determine p(o).
6
Let g(q) = q**3 - q**2 + 2*q - 2. Let v = 12 + 2. Suppose 4*x - 26 = 2*b, x = -b + 3*b + v. Suppose x*o = 6*o - 6. Give g(o).
22
Suppose 541*c = 536*c - 25. Let m(l) = -5*l**2 + 11*l + 9. Let s(y) = y**2 - 3*y - 2. Let i(x) = -2*m(x) - 9*s(x). Give i(c).
0
Let b(m) = -m**3 + 4*m + 5. Let o(j) = -j**3 + 10*j**2 - 27*j + 6. Let u be o(5). Determine b(u).
53
Let d(o) be the third derivative of -o**6/120 - 13*o**5/15 - 101*o**4/24 - 49*o**3/6 + 9*o**2 - 48*o + 2. Determine d(-50).
1
Let a(n) = -n**2 + 0 + 3*n**2 - 2 - 3*n**2 - 5*n. Let g(k) = -k**2 - 5*k + 4. Let v be (-3)/(3/(-6)*-1). Let o be g(v). Calculate a(o).
4
Let u(s) = 2*s - 2*s + s**3 - 4*s**2 + s. Suppose 0 = -18*v + 24*v - 96. Let h(d) = d**3 - 19*d**2 + 46*d + 35. Let i be h(v). What is u(i)?
-6
Let p(d) = 2 + 236379*d - 236383*d + 1 - 5. Calculate p(0).
-2
Let w(h) = 4*h - 26. Let i = 14350 - 14341. What is w(i)?
10
Suppose -8 = -4*i + 5*y, 3*y - y = 2*i - 4. Let t(a) = -11 + i + 10 + 2*a + a. Let b(g) = -g**3 - 7*g**2 - 7*g - 4. Let j be b(-6). Give t(j).
7
Suppose 3*l = 5*n + 5*l - 8, 0 = 3*l + 3. Let c(v) = -2 + 32*v + 0 - 38*v - v**n. Calculate c(-6).
-2
Let d(o) be the second derivative of -o**4/24 + 5*o**3/6 - 3*o**2 - 72*o. Let m(i) be the first derivative of d(i). Give m(-5).
10
Let y = -18530 - -18522. Let d(f) = -f - 240 + 0*f + 230. Determine d(y).
-2
Let k(f) be the first derivative of -5*f**3/3 + 6*f**2 - 22*f - 12036. Calculate k(2).
-18
Let r(u) = u**3 - 6*u**2 - 6*u - 2. Let c be r(7). Suppose -2*h + 6 = -c*h. Let k be ((-6)/8 + (-104)/32)/h. Let f(j) = -3*j**2 + 3*j - 3. What is f(k)?
-9
Let u be (14/56)/((-11)/484). Let g(i) = i**2 + 15*i + 46. Give g(u).
2
Let q(m) = -6 - 18*m + 46 - 14 - 11 - 16. What is q(-2)?
35
Let l(x) = 16*x + 396 + 451 + 541 - 1106 + 10*x. What is l(-11)?
-4
Let x = 17 - 14. Let c(z) = -z**2 + 6*z - 6. Let o(s) = -2*s**2 + 5*s - 8. Let f(h) = x*c(h) - 2*o(h). What is f(-8)?
-2
Let a(o) = -21*o**2 + o + 61*o**3 - 41*o**3 - 2 - 1 - 87*o**3 + 68*o**3. Calculate a(21).
18
Let v(j) = 10*j**2 - 3*j - 13. Let o = -11312 + 11309. What is v(o)?
86
Let s(r) = -17*r**3 - 33*r**2 + 34*r - 33. Let u(q) = 24*q**3 + 46*q**2 - 48*q + 46. Let o(g) = 17*s(g) + 12*u(g). What is o(-8)?
-89
Let a = 687 + -702. Let l(u) = -u**2 - 14*u + 5. Give l(a).
-10
Let o(v) = -v**3 + 4*v**2 + 9*v + 19. Let d be o(6). Let z be (4 - 7)*d - -7. Let q(k) = 2*k + 6. Determine q(z).
14
Suppose 4*w - 4*z + 16 = 0, 3*w + 6 = 2*z - 2. Suppose 5*d + 0*j = 4*j + 37, w = 3*j + 9. Let b(q) = -7*q + 6. Calculate b(d).
-29
Let s(u) = 2*u**2 + 74*u + 70*u - 139*u + 6. Give s(-5).
31
Let d = 83 + -83. Let q(x) be the first derivative of x**3/3 - x**2/2 + 12*x + 81. Calculate q(d).
12
Let f(b) = 3*b**2 + 40*b - 6. Let r be f(-14). Let z(h) = -19 + r - 2*h**3 - 2*h**2 - h - 1. Determine z(2).
-24
Let k(a) = a**3 - 16*a**2 + a - 13. Let w be k(16). Suppose 0 = -w*m + 26 - 14. Let l(d) = -d**3 + 3*d**2 - 2*d